{"id":87,"date":"2018-10-25T13:59:51","date_gmt":"2018-10-25T13:59:51","guid":{"rendered":"http:\/\/theelsa.gilliansarah.com\/?page_id=37"},"modified":"2021-03-01T23:17:54","modified_gmt":"2021-03-01T22:17:54","slug":"links","status":"publish","type":"page","link":"https:\/\/xn--mobilitts-scouts-1nb.at\/?page_id=87","title":{"rendered":"Linksammlung"},"content":{"rendered":"<p>[et_pb_section fb_built=&#8220;1&#8243; _builder_version=&#8220;4.5.6&#8243; _module_preset=&#8220;default&#8220; min_height=&#8220;49px&#8220; min_height_tablet=&#8220;0px&#8220; min_height_phone=&#8220;0px&#8220; min_height_last_edited=&#8220;on|phone&#8220; height=&#8220;0px&#8220; max_height=&#8220;100px&#8220; custom_padding=&#8220;||0px|||&#8220; global_module=&#8220;461&#8243;][\/et_pb_section][et_pb_section fb_built=&#8220;1&#8243; _builder_version=&#8220;4.5.6&#8243; _module_preset=&#8220;default&#8220; custom_margin=&#8220;40px||||false|false&#8220; custom_padding=&#8220;0px||1px|||&#8220;][et_pb_row column_structure=&#8220;1_2,1_2&#8243; _builder_version=&#8220;4.5.6&#8243; _module_preset=&#8220;default&#8220; min_height=&#8220;140px&#8220; min_height_tablet=&#8220;&#8220; min_height_phone=&#8220;&#8220; min_height_last_edited=&#8220;on|desktop&#8220;][et_pb_column type=&#8220;1_2&#8243; _builder_version=&#8220;4.5.6&#8243; _module_preset=&#8220;default&#8220;][et_pb_text _builder_version=&#8220;4.5.6&#8243; _module_preset=&#8220;default&#8220; text_font=&#8220;|700|||||||&#8220; text_text_color=&#8220;#3691a4&#8243; text_font_size=&#8220;36px&#8220; custom_margin=&#8220;||-2px||false|false&#8220;]<\/p>\n<p>Kategorien<\/p>\n<p>[\/et_pb_text][\/et_pb_column][et_pb_column type=&#8220;1_2&#8243; _builder_version=&#8220;4.5.6&#8243; _module_preset=&#8220;default&#8220;][et_pb_image src=&#8220;https:\/\/xn--mobilitts-scouts-1nb.at\/wp-content\/uploads\/2020\/11\/Mobility_Scouts_Illus_aktuelles.png&#8220; title_text=&#8220;Mobility_Scouts_Illus_aktuelles&#8220; _builder_version=&#8220;4.5.6&#8243; _module_preset=&#8220;default&#8220; custom_padding=&#8220;|||0px||&#8220;][\/et_pb_image][\/et_pb_column][\/et_pb_row][\/et_pb_section][et_pb_section fb_built=&#8220;1&#8243; _builder_version=&#8220;4.5.6&#8243; _module_preset=&#8220;default&#8220;][et_pb_row _builder_version=&#8220;4.5.6&#8243; _module_preset=&#8220;default&#8220; custom_margin=&#8220;||40px||false|false&#8220;][et_pb_column type=&#8220;4_4&#8243; _builder_version=&#8220;4.5.6&#8243; _module_preset=&#8220;default&#8220;][et_pb_button button_url=&#8220;https:\/\/xn--mobilitts-scouts-1nb.at\/?page_id=1461&#8243; button_text=&#8220;Rund ums Thema Mobilit\u00e4t&#8220; _builder_version=&#8220;4.5.6&#8243; _module_preset=&#8220;default&#8220; hover_enabled=&#8220;0&#8243;][\/et_pb_button][\/et_pb_column][\/et_pb_row][et_pb_row _builder_version=&#8220;4.5.6&#8243; _module_preset=&#8220;default&#8220; custom_margin=&#8220;||40px||false|false&#8220;][et_pb_column type=&#8220;4_4&#8243; _builder_version=&#8220;4.5.6&#8243; _module_preset=&#8220;default&#8220;][et_pb_button button_url=&#8220;https:\/\/xn--mobilitts-scouts-1nb.at\/?page_id=1463&#8243; button_text=&#8220;Interessensvertretungen von und f\u00fcr Senior*innen&#8220; _builder_version=&#8220;4.5.6&#8243; _module_preset=&#8220;default&#8220;][\/et_pb_button][\/et_pb_column][\/et_pb_row][et_pb_row _builder_version=&#8220;4.5.6&#8243; _module_preset=&#8220;default&#8220; custom_margin=&#8220;||40px||false|false&#8220;][et_pb_column type=&#8220;4_4&#8243; _builder_version=&#8220;4.5.6&#8243; _module_preset=&#8220;default&#8220;][et_pb_button button_url=&#8220;https:\/\/xn--mobilitts-scouts-1nb.at\/?page_id=1465&#8243; button_text=&#8220;Initiativen und Vereine in Wien&#8220; _builder_version=&#8220;4.5.6&#8243; _module_preset=&#8220;default&#8220;][\/et_pb_button][\/et_pb_column][\/et_pb_row][et_pb_row _builder_version=&#8220;4.5.6&#8243; _module_preset=&#8220;default&#8220; custom_padding=&#8220;||200px||false|false&#8220;][et_pb_column type=&#8220;4_4&#8243; _builder_version=&#8220;4.5.6&#8243; _module_preset=&#8220;default&#8220;][et_pb_button button_url=&#8220;https:\/\/xn--mobilitts-scouts-1nb.at\/?page_id=1467&#8243; button_text=&#8220;Hilfreiche \u00d6ffentliche Stellen in \u00d6sterreich&#8220; _builder_version=&#8220;4.5.6&#8243; _module_preset=&#8220;default&#8220;][\/et_pb_button][\/et_pb_column][\/et_pb_row][\/et_pb_section]<\/p>\n","protected":false},"excerpt":{"rendered":"<p>[et_pb_section fb_built=&#8220;1&#8243; _builder_version=&#8220;4.5.6&#8243; _module_preset=&#8220;default&#8220; min_height=&#8220;49px&#8220; min_height_tablet=&#8220;0px&#8220; min_height_phone=&#8220;0px&#8220; min_height_last_edited=&#8220;on|phone&#8220; height=&#8220;0px&#8220; max_height=&#8220;100px&#8220; custom_padding=&#8220;||0px|||&#8220; global_module=&#8220;461&#8243;][\/et_pb_section][et_pb_section fb_built=&#8220;1&#8243; _builder_version=&#8220;4.5.6&#8243; _module_preset=&#8220;default&#8220; custom_margin=&#8220;40px||||false|false&#8220; custom_padding=&#8220;0px||1px|||&#8220;][et_pb_row column_structure=&#8220;1_2,1_2&#8243; _builder_version=&#8220;4.5.6&#8243; _module_preset=&#8220;default&#8220; min_height=&#8220;140px&#8220; min_height_tablet=&#8220;&#8220; min_height_phone=&#8220;&#8220; min_height_last_edited=&#8220;on|desktop&#8220;][et_pb_column type=&#8220;1_2&#8243; _builder_version=&#8220;4.5.6&#8243; _module_preset=&#8220;default&#8220;][et_pb_text _builder_version=&#8220;4.5.6&#8243; _module_preset=&#8220;default&#8220; text_font=&#8220;|700|||||||&#8220; text_text_color=&#8220;#3691a4&#8243; text_font_size=&#8220;36px&#8220; custom_margin=&#8220;||-2px||false|false&#8220;] Kategorien [\/et_pb_text][\/et_pb_column][et_pb_column type=&#8220;1_2&#8243; _builder_version=&#8220;4.5.6&#8243; _module_preset=&#8220;default&#8220;][et_pb_image src=&#8220;https:\/\/xn--mobilitts-scouts-1nb.at\/wp-content\/uploads\/2020\/11\/Mobility_Scouts_Illus_aktuelles.png&#8220; title_text=&#8220;Mobility_Scouts_Illus_aktuelles&#8220; _builder_version=&#8220;4.5.6&#8243; _module_preset=&#8220;default&#8220; custom_padding=&#8220;|||0px||&#8220;][\/et_pb_image][\/et_pb_column][\/et_pb_row][\/et_pb_section][et_pb_section fb_built=&#8220;1&#8243; _builder_version=&#8220;4.5.6&#8243; _module_preset=&#8220;default&#8220;][et_pb_row _builder_version=&#8220;4.5.6&#8243; _module_preset=&#8220;default&#8220; custom_margin=&#8220;||40px||false|false&#8220;][et_pb_column type=&#8220;4_4&#8243; _builder_version=&#8220;4.5.6&#8243; _module_preset=&#8220;default&#8220;][et_pb_button button_url=&#8220;https:\/\/xn--mobilitts-scouts-1nb.at\/?page_id=1461&#8243; button_text=&#8220;Rund ums [&hellip;]<\/p>\n","protected":false},"author":3,"featured_media":0,"parent":0,"menu_order":0,"comment_status":"closed","ping_status":"closed","template":"","meta":{"_et_pb_use_builder":"on","_et_pb_old_content":"<!-- wp:spacer {\"height\":70} -->\n<div style=\"height:70px\" aria-hidden=\"true\" class=\"wp-block-spacer\"><\/div>\n<!-- \/wp:spacer -->\n\n<!-- wp:heading {\"level\":3} -->\n<h3>Stadtentwicklung Stadt Wien<\/h3>\n<!-- \/wp:heading -->\n\n<!-- wp:paragraph -->\n<p>Hier bitte Text hinzuf\u00fcgen. <a href=\"https:\/\/www.wien.gv.at\/verkehr-stadtentwicklung\/\" target=\"_blank\" rel=\"noreferrer noopener\">Link<\/a><\/p>\n<!-- \/wp:paragraph -->\n\n<!-- wp:spacer {\"height\":46} -->\n<div style=\"height:46px\" aria-hidden=\"true\" class=\"wp-block-spacer\"><\/div>\n<!-- \/wp:spacer -->\n\n<!-- wp:heading {\"level\":3} -->\n<h3>Zu Fu\u00df gehen in Wien<\/h3>\n<!-- \/wp:heading -->\n\n<!-- wp:paragraph -->\n<p>Hier bitte Text hinzuf\u00fcgen. <a href=\"https:\/\/www.wien.gv.at\/verkehr\/zufussgehen\/index.html\" target=\"_blank\" rel=\"noreferrer noopener\">Lin<\/a><a rel=\"noreferrer noopener\" href=\"http:\/\/o\thttps:\/\/www.wien.gv.at\/verkehr\/zufussgehen\/index.html\" target=\"_blank\">k<\/a><\/p>\n<!-- \/wp:paragraph -->\n\n<!-- wp:spacer {\"height\":46} -->\n<div style=\"height:46px\" aria-hidden=\"true\" class=\"wp-block-spacer\"><\/div>\n<!-- \/wp:spacer -->\n\n<!-- wp:heading {\"level\":3} -->\n<h3>Die Helfer Wiens<\/h3>\n<!-- \/wp:heading -->\n\n<!-- wp:paragraph -->\n<p>Freiwillig f\u00fcr Wien ist ein Netzwerk f\u00fcr alle, die sich f\u00fcr die Gesellschaft engagieren wollen. Geben Sie Ihre Kriterien ein und finden Sie eine M\u00f6glichkeit sich freiwillig, in verschiedenen Bereichen und Organisationen, zu bet\u00e4tigen. Sie werden gebraucht! <a href=\"https:\/\/www.diehelferwiens.at\/de\/3554\" target=\"_blank\" rel=\"noreferrer noopener\">Link<\/a><\/p>\n<!-- \/wp:paragraph -->\n\n<!-- wp:spacer {\"height\":46} -->\n<div style=\"height:46px\" aria-hidden=\"true\" class=\"wp-block-spacer\"><\/div>\n<!-- \/wp:spacer -->\n\n<!-- wp:heading {\"level\":3} -->\n<h3>Sozialinfo<\/h3>\n<!-- \/wp:heading -->\n\n<!-- wp:paragraph -->\n<p>Hier bitte Text hinzuf\u00fcgen. <a href=\"http:\/\/sozialinfo.wien.at\/content\/de\/10\/Homepage.do\" target=\"_blank\" rel=\"noreferrer noopener\">Link<\/a><\/p>\n<!-- \/wp:paragraph -->\n\n<!-- wp:spacer {\"height\":46} -->\n<div style=\"height:46px\" aria-hidden=\"true\" class=\"wp-block-spacer\"><\/div>\n<!-- \/wp:spacer -->\n\n<!-- wp:heading {\"level\":3} -->\n<h3>Seite f\u00fcr SeniorInnen der Stadt Wien<\/h3>\n<!-- \/wp:heading -->\n\n<!-- wp:paragraph -->\n<p>Hier bitte Text hinzuf\u00fcgen. <a href=\"http:\/\/o\thttps:\/\/www.wien.gv.at\/menschen\/senioren\/\">Li<\/a><a href=\"https:\/\/www.wien.gv.at\/menschen\/senioren\/\">nk<\/a><\/p>\n<!-- \/wp:paragraph -->\n\n<!-- wp:spacer {\"height\":90} -->\n<div style=\"height:90px\" aria-hidden=\"true\" class=\"wp-block-spacer\"><\/div>\n<!-- \/wp:spacer -->","_et_gb_content_width":"2880"},"_links":{"self":[{"href":"https:\/\/xn--mobilitts-scouts-1nb.at\/index.php?rest_route=\/wp\/v2\/pages\/87"}],"collection":[{"href":"https:\/\/xn--mobilitts-scouts-1nb.at\/index.php?rest_route=\/wp\/v2\/pages"}],"about":[{"href":"https:\/\/xn--mobilitts-scouts-1nb.at\/index.php?rest_route=\/wp\/v2\/types\/page"}],"author":[{"embeddable":true,"href":"https:\/\/xn--mobilitts-scouts-1nb.at\/index.php?rest_route=\/wp\/v2\/users\/3"}],"replies":[{"embeddable":true,"href":"https:\/\/xn--mobilitts-scouts-1nb.at\/index.php?rest_route=%2Fwp%2Fv2%2Fcomments&post=87"}],"version-history":[{"count":47,"href":"https:\/\/xn--mobilitts-scouts-1nb.at\/index.php?rest_route=\/wp\/v2\/pages\/87\/revisions"}],"predecessor-version":[{"id":1548,"href":"https:\/\/xn--mobilitts-scouts-1nb.at\/index.php?rest_route=\/wp\/v2\/pages\/87\/revisions\/1548"}],"wp:attachment":[{"href":"https:\/\/xn--mobilitts-scouts-1nb.at\/index.php?rest_route=%2Fwp%2Fv2%2Fmedia&parent=87"}],"curies":[{"name":"wp","href":"https:\/\/api.w.org\/{rel}","templated":true}]}}

<p>[et_pb_section fb_built=&#8220;1&#8243; _builder_version=&#8220;4.5.6&#8243; _module_preset=&#8220;default&#8220; min_height=&#8220;49px&#8220; min_height_tablet=&#8220;0px&#8220; min_height_phone=&#8220;0px&#8220; min_height_last_edited=&#8220;on|phone&#8220; height=&#8220;0px&#8220; max_height=&#8220;100px&#8220; custom_padding=&#8220;||0px|||&#8220; global_module=&#8220;461&#8243;][/et_pb_section][et_pb_section fb_built=&#8220;1&#8243; _builder_version=&#8220;4.5.6&#8243; _module_preset=&#8220;default&#8220; custom_margin=&#8220;40px||||false|false&#8220; custom_padding=&#8220;0px||1px|||&#8220;][et_pb_row column_structure=&#8220;1_2,1_2&#8243; _builder_version=&#8220;4.5.6&#8243; _module_preset=&#8220;default&#8220; min_height=&#8220;140px&#8220; min_height_tablet=&#8220;&#8220; min_height_phone=&#8220;&#8220; min_height_last_edited=&#8220;on|desktop&#8220;][et_pb_column type=&#8220;1_2&#8243; _builder_version=&#8220;4.5.6&#8243; _module_preset=&#8220;default&#8220;][et_pb_text _builder_version=&#8220;4.5.6&#8243; _module_preset=&#8220;default&#8220; text_font=&#8220;|700|||||||&#8220; text_text_color=&#8220;#3691a4&#8243; text_font_size=&#8220;36px&#8220; custom_margin=&#8220;||-2px||false|false&#8220;]</p>
<p>Kategorien</p>
<p>[/et_pb_text][/et_pb_column][et_pb_column type=&#8220;1_2&#8243; _builder_version=&#8220;4.5.6&#8243; _module_preset=&#8220;default&#8220;][et_pb_image src=&#8220;https://xn--mobilitts-scouts-1nb.at/wp-content/uploads/2020/11/Mobility_Scouts_Illus_aktuelles.png&#8220; title_text=&#8220;Mobility_Scouts_Illus_aktuelles&#8220; _builder_version=&#8220;4.5.6&#8243; _module_preset=&#8220;default&#8220; custom_padding=&#8220;|||0px||&#8220;][/et_pb_image][/et_pb_column][/et_pb_row][/et_pb_section][et_pb_section fb_built=&#8220;1&#8243; _builder_version=&#8220;4.5.6&#8243; _module_preset=&#8220;default&#8220;][et_pb_row _builder_version=&#8220;4.5.6&#8243; _module_preset=&#8220;default&#8220; custom_margin=&#8220;||40px||false|false&#8220;][et_pb_column type=&#8220;4_4&#8243; _builder_version=&#8220;4.5.6&#8243; _module_preset=&#8220;default&#8220;][et_pb_button button_url=&#8220;https://xn--mobilitts-scouts-1nb.at/?page_id=1461&#8243; button_text=&#8220;Rund ums Thema Mobilität&#8220; _builder_version=&#8220;4.5.6&#8243; _module_preset=&#8220;default&#8220; hover_enabled=&#8220;0&#8243;][/et_pb_button][/et_pb_column][/et_pb_row][et_pb_row _builder_version=&#8220;4.5.6&#8243; _module_preset=&#8220;default&#8220; custom_margin=&#8220;||40px||false|false&#8220;][et_pb_column type=&#8220;4_4&#8243; _builder_version=&#8220;4.5.6&#8243; _module_preset=&#8220;default&#8220;][et_pb_button button_url=&#8220;https://xn--mobilitts-scouts-1nb.at/?page_id=1463&#8243; button_text=&#8220;Interessensvertretungen von und für Senior*innen&#8220; _builder_version=&#8220;4.5.6&#8243; _module_preset=&#8220;default&#8220;][/et_pb_button][/et_pb_column][/et_pb_row][et_pb_row _builder_version=&#8220;4.5.6&#8243; _module_preset=&#8220;default&#8220; custom_margin=&#8220;||40px||false|false&#8220;][et_pb_column type=&#8220;4_4&#8243; _builder_version=&#8220;4.5.6&#8243; _module_preset=&#8220;default&#8220;][et_pb_button button_url=&#8220;https://xn--mobilitts-scouts-1nb.at/?page_id=1465&#8243; button_text=&#8220;Initiativen und Vereine in Wien&#8220; _builder_version=&#8220;4.5.6&#8243; _module_preset=&#8220;default&#8220;][/et_pb_button][/et_pb_column][/et_pb_row][et_pb_row _builder_version=&#8220;4.5.6&#8243; _module_preset=&#8220;default&#8220; custom_padding=&#8220;||200px||false|false&#8220;][et_pb_column type=&#8220;4_4&#8243; _builder_version=&#8220;4.5.6&#8243; _module_preset=&#8220;default&#8220;][et_pb_button button_url=&#8220;https://xn--mobilitts-scouts-1nb.at/?page_id=1467&#8243; button_text=&#8220;Hilfreiche Öffentliche Stellen in Österreich&#8220; _builder_version=&#8220;4.5.6&#8243; _module_preset=&#8220;default&#8220;][/et_pb_button][/et_pb_column][/et_pb_row][/et_pb_section]</p>

<!-- wp:spacer {"height":70} -->
<div style="height:70px" aria-hidden="true" class="wp-block-spacer"></div>
<!-- /wp:spacer -->

<!-- wp:heading {"level":3} -->
<h3>Stadtentwicklung Stadt Wien</h3>
<!-- /wp:heading -->

<!-- wp:paragraph -->
<p>Hier bitte Text hinzufügen. <a href="https://www.wien.gv.at/verkehr-stadtentwicklung/" target="_blank" rel="noreferrer noopener">Link</a></p>
<!-- /wp:paragraph -->

<!-- wp:spacer {"height":46} -->
<div style="height:46px" aria-hidden="true" class="wp-block-spacer"></div>
<!-- /wp:spacer -->

<!-- wp:heading {"level":3} -->
<h3>Zu Fuß gehen in Wien</h3>
<!-- /wp:heading -->

<!-- wp:paragraph -->
<p>Hier bitte Text hinzufügen. <a href="https://www.wien.gv.at/verkehr/zufussgehen/index.html" target="_blank" rel="noreferrer noopener">Lin</a><a rel="noreferrer noopener" href="http://o	https://www.wien.gv.at/verkehr/zufussgehen/index.html" target="_blank">k</a></p>
<!-- /wp:paragraph -->

<!-- wp:spacer {"height":46} -->
<div style="height:46px" aria-hidden="true" class="wp-block-spacer"></div>
<!-- /wp:spacer -->

<!-- wp:heading {"level":3} -->
<h3>Die Helfer Wiens</h3>
<!-- /wp:heading -->

<!-- wp:paragraph -->
<p>Freiwillig für Wien ist ein Netzwerk für alle, die sich für die Gesellschaft engagieren wollen. Geben Sie Ihre Kriterien ein und finden Sie eine Möglichkeit sich freiwillig, in verschiedenen Bereichen und Organisationen, zu betätigen. Sie werden gebraucht! <a href="https://www.diehelferwiens.at/de/3554" target="_blank" rel="noreferrer noopener">Link</a></p>
<!-- /wp:paragraph -->

<!-- wp:spacer {"height":46} -->
<div style="height:46px" aria-hidden="true" class="wp-block-spacer"></div>
<!-- /wp:spacer -->

<!-- wp:heading {"level":3} -->
<h3>Sozialinfo</h3>
<!-- /wp:heading -->

<!-- wp:paragraph -->
<p>Hier bitte Text hinzufügen. <a href="http://sozialinfo.wien.at/content/de/10/Homepage.do" target="_blank" rel="noreferrer noopener">Link</a></p>
<!-- /wp:paragraph -->

<!-- wp:spacer {"height":46} -->
<div style="height:46px" aria-hidden="true" class="wp-block-spacer"></div>
<!-- /wp:spacer -->

<!-- wp:heading {"level":3} -->
<h3>Seite für SeniorInnen der Stadt Wien</h3>
<!-- /wp:heading -->

<!-- wp:paragraph -->
<p>Hier bitte Text hinzufügen. <a href="http://o	https://www.wien.gv.at/menschen/senioren/">Li</a><a href="https://www.wien.gv.at/menschen/senioren/">nk</a></p>
<!-- /wp:paragraph -->

<!-- wp:spacer {"height":90} -->
<div style="height:90px" aria-hidden="true" class="wp-block-spacer"></div>
<!-- /wp:spacer -->
